True
Is 20092081 a prime number?
True
Is 1437451 a composite number?
False
Is 39062657 prime?
False
Is 549533 a prime number?
True
Is 149243129 a prime number?
False
Is 276142231 a prime number?
True
Is 10577473 a prime number?
False
Is 8367529 a composite number?
True
Is 1466519 prime?
True
Is 789205 a prime number?
False
Is 1179049 composite?
True
Is 9094751 prime?
False
Is 589769 prime?
False
Is 2192495 prime?
False
Is 71043647 prime?
False
Is 2760031 composite?
False
Is 69743 prime?
False
Is 242894843 a prime number?
True
Is 57540787 a prime number?
True
Is 59147447 prime?
False
Is 22055101 a prime number?
True
Is 29069819 composite?
False
Is 455811 composite?
True
Is 152549 composite?
True
Is 6102533 a composite number?
False
Is 2232749 composite?
False
Is 156366367 a composite number?
False
Is 122173213 prime?
True
Is 3427811 prime?
True
Is 3190519 composite?
False
Is 21081287 a prime number?
True
Is 203909773 a composite number?
False
Is 51427919 composite?
False
Is 43922435 a composite number?
True
Is 154853009 a composite number?
False
Is 1598447 a composite number?
False
Is 192737 prime?
True
Is 24763439 a composite number?
False
Is 1142051 a prime number?
False
Is 305894341 composite?
True
Is 826041065 composite?
True
Is 3667267 composite?
True
Is 26472143 a prime number?
True
Is 1914541 composite?
False
Is 1706404717 composite?
False
Is 891703 composite?
True
Is 2342633 a composite number?
False
Is 3154321 a prime number?
True
Is 476308913 composite?
False
Is 568959 a prime number?
False
Is 579239 a composite number?
False
Is 892237 a composite number?
False
Is 14558422 a prime number?
False
Is 58632697 a composite number?
False
Is 50776333 composite?
False
Is 1016395 prime?
False
Is 57076787 prime?
False
Is 10966733 prime?
False
Is 17653423 prime?
True
Is 24162349 a composite number?
False
Is 16966487 prime?
False
Is 142469839 a prime number?
True
Is 24437639 prime?
False
Is 46464149 a prime number?
False
Is 42193 prime?
True
Is 310332479 a composite number?
True
Is 110807 a composite number?
False
Is 15806291 a composite number?
False
Is 1858111 a prime number?
False
Is 651459731 a composite number?
True
Is 51929993 prime?
False
Is 2266739 a prime number?
True
Is 60144023 composite?
False
Is 43042991 a composite number?
False
Is 9648547 a prime number?
True
Is 37177013 a prime number?
True
Is 4472497 prime?
True
Is 1945687 a prime number?
True
Is 59428103 composite?
True
Is 76790849 prime?
True
Is 494897551 a prime number?
False
Is 64974379 a composite number?
True
Is 20699279 composite?
False
Is 6770401 a composite number?
True
Is 119777179 a prime number?
False
Is 51355691 composite?
True
Is 2186733 a composite number?
True
Is 320931467 prime?
False
Is 8298753 prime?
False
Is 1771261 composite?
False
Is 99350107 prime?
False
Is 472309601 composite?
False
Is 26378863 composite?
True
Is 60514585 a composite number?
True
Is 41005691 composite?
True
Is 101784671 a prime number?
True
Is 51244631 a prime number?
False
Is 341219 composite?
False
Is 1617205 prime?
False
Is 23728987 a prime number?
True
Is 487407013 a prime number?
False
Is 15643091 composite?
True
Is 2694737 composite?
True
Is 22482443 prime?
True
Is 804239 composite?
False
Is 333311107 a prime number?
True
Is 288193837 a prime number?
False
Is 139374149 a composite number?
True
Is 8991893 a prime number?
True
Is 6074999 prime?
False
Is 15751649 a prime number?
True
Is 28714831 a composite number?
False
Is 6993267 prime?
False
Is 304091417 a composite number?
True
Is 5277907 composite?
True
Is 165073 composite?
True
Is 6335807 composite?
False
Is 6075793 a prime number?
True
Is 655553 composite?
True
Is 3886537 a composite number?
False
Is 9794789 a prime number?
True
Is 21035999 a prime number?
False
Is 15227473 a prime number?
True
Is 1473629 a composite number?
True
Is 31153693 prime?
True
Is 5848579 a prime number?
False
Is 5026037 prime?
True
Is 560026661 a composite number?
False
Is 565128323 a prime number?
True
Is 31940341 a prime number?
False
Is 1125151 a prime number?
True
Is 8695169 composite?
True
Is 16937794 a prime number?
False
Is 319946314 a prime number?
False
Is 12156899 a prime number?
True
Is 99610319 a prime number?
False
Is 17407177 a composite number?
True
Is 239236033 a composite number?
True
Is 152141089 prime?
True
Is 7066919 prime?
False
Is 893407 a composite number?
False
Is 519598777 prime?
True
Is 5354917 a prime number?
True
Is 47309671 a composite number?
False
Is 240106073 composite?
True
Is 344793751 composite?
False
Is 91423 composite?
False
Is 802819 a composite number?
True
Is 188338397 composite?
True
Is 24359 a prime number?
True
Is 16577927 composite?
False
Is 49817503 a prime number?
False
Is 2488043 composite?
False
Is 121618123 a composite number?
True
Is 222394481 a prime number?
False
Is 5174177 a composite number?
False
Is 6999241 composite?
False
Is 101475749 a composite number?
False
Is 6518411 a composite number?
False
Is 293444483 composite?
False
Is 266334011 composite?
False
Is 254880259 composite?
True
Is 371860483 a composite number?
False
Is 1122943 a composite number?
True
Is 1742294 composite?
True
Is 199741733 a prime number?
True
Is 1047169379 prime?
False
Is 107012723 a prime number?
True
Is 2445437 a composite number?
False
Is 652301 a prime number?
False
Is 24046333 composite?
False
Is 10908529 composite?
False
Is 3248814367 a composite number?
False
Is 344401 a composite number?
True
Is 32347049 composite?
True
Is 8798983 a composite number?
False
Is 81348257 a prime number?
True
Is 49446731 prime?
True
Is 45446255 a prime number?
False
Is 7821133 a composite number?
False
Is 14697665 a prime number?
False
Is 327065 composite?
True
Is 616703 prime?
True
Is 4860913 a composite number?
True
Is 1210219 a composite number?
True
Is 2517499 composite?
False
Is 107095949 prime?
False
Is 665653 prime?
False
Is 68910607 a prime number?
False
Is 53434787 prime?
False
Is 137408617 a composite number?
False
Is 105311677 a composite number?
True
Is 97088177 a composite number?
False
Is 49061669 prime?
True
Is 4260329 composite?
True
Is 13368973 a composite number?
True
Is 3878819 prime?
False
Is 266194 a prime number?
False
Is 84556793 composite?
True
Is 101658253 a prime number?
False
Is 7066337 composite?
False
Is 147249803 a composite number?
True
Is 88709123 a composite number?
True
Is 9449333 a composite number?
True
Is 132822533 a composite number?
True
Is 278633657 prime?
True
Is 64261 a composite number?
True
Is 819541 a composite number?
True
Is 4119211 a composite number?
False
Is 4479509 a composite number?
False
Is 5967839 composite?
False
Is 21145799 prime?
True
Is 772246747 a prime number?
True
Is 613995037 composite?
True
Is 13675213 prime?
False
Is 1850197 prime?
False
Is 1492339 prime?
False
Is 345413 composite?
False
Is 1667077 a composite number?
False
Is 23809855 a composite number?
True
Is 140404357 a prime number?
False
Is 208524493 prime?
True
Is 312269 composite?
False
Is 17519441 composite?
True
Is 3001417 a composite number?
True
Is 19494131 a prime number?
False
Is 291125113 composite?
True
Is 29815111 a prime number?
True
Is 154717517 a prime number?
True
Is 241445929 prime?
True
Is 5101067 composite?
False
Is 804300085 prime?
False
Is 1273633 composite?
True
Is 670421 a composite number?
True
Is 57909337 a composite number?
True
Is 77851277 a prime number?
False
Is 1558619 composite?
False
Is 499079159 prime?
False
Is 1506611 composite?
False
Is 73912805 prime?
False
Is 2395799 a composite number?
True
Is 5136529 prime?
True
Is 3198407 prime?
True
Is 41508323 a composite number?
False
Is 28989986 prime?
False
Is 57218297 a prime number?
True
Is 11307047 a composite number?
False
Is 2014457 a prime number?
True
Is 223537 a prime number?
False
Is 10679249 prime?
False
Is 38231027 prime?
False
Is 20072869 a composite number?
True
Is 1320721 a composite number?
False
Is 15931415 prime?
False
Is 6419269 a composite number?
True
Is 940189 a prime number?
True
Is 26138405 composite?
True
Is 866137 a prime number?
False
Is 43665535 composite?
True
Is 1463881 a composite number?
True
Is 37650227 a prime number?
True
Is 3925829 a prime number?
True
Is 10570303 a prime number?
False
Is 18393671 a